+ 84. Calculate the highest common factor of n and x.
21
Let b be 3/(-3*(-1)/18). Let x be ((-108)/2)/((0 - -3)*(-22)/198). Calculate the greatest common divisor of b and x.
18
Let k be ((-2)/15*-3)/((-1)/(-170)). What is the greatest common factor of 51 and k?
17
Suppose -2*l + 5*g = -4030, 9192 = 4*l + g + 1132. Calculate the greatest common factor of l and 31.
31
Suppose 0 = 3*i - 4*i. Suppose 0 = -0*s + 2*s + d - 56, 5*s - 3*d - 162 = i. What is the highest common divisor of s and 10?
10
Let z = 11243 + -6463. What is the highest common factor of 20 and z?
20
Let p(b) = -b**2 + 37. Let r be p(4). Calculate the highest common factor of 350 and r.
7
Let f = -12 - -10. Let n be f - (-5)/5 - -49. Calculate the greatest common divisor of n and 16.
16
Let z = 62 - 58. Suppose -2*m + z*n = -20, m + m - 20 = n. What is the highest common factor of m and 70?
10
Let n be 315 + 7 + -2 + 0. Let s(l) = -3*l**2 - 19*l + 10. Let q be s(-3). Calculate the greatest common divisor of q and n.
40
Let c be 308*1*((-28)/(-16) - -1). Suppose 16*h + c = 23*h. What is the greatest common divisor of 11 and h?
11
Let j be 31*(2 - (-1 + -1)). Suppose -4 = s, s = -4*l - 4*s + j. Suppose -4*y + 89 - 41 = 0. Calculate the greatest common divisor of y and l.
12
Suppose 5*l + 17*f - 170 = 12*f, 3*f + 38 = l. Calculate the highest common factor of 455 and l.
35
Let l(b) = -7*b - 4 - 6*b**2 + 31*b**3 + 2 + 4 - 30*b**3. Suppose -6*r - 35 = -11*r. Let f be l(r). Calculate the greatest common factor of f and 22.
2
Let d(f) = f**3 - 14*f**2 - 10*f + 29. Let p be d(15). Suppose p = -2*k + 546. What is the greatest common factor of k and 13?
13
Let j(p) = p**3 + 9*p**2 - p - 2. Let y be j(-9). Suppose -3*r - 5*k + 300 = 0, y = -4*r - 2*k + 421. What is the greatest common factor of r and 15?
15
Suppose -205 + 20 = -5*m. Let p = 52 - m. Suppose 0 = -u - 2*u + 9. What is the highest common divisor of u and p?
3
Let g(n) = -n**3 - 4*n**2 - 3*n + 2. Let u be g(-3). Let s be -5 + -1 + -4 + u. Let p be ((-8)/6)/(s/18). What is the greatest common factor of p and 3?
3
Let h(o) = 4*o - 28. Let k be h(7). Suppose 5*w - 840 = -k*w. What is the highest common divisor of w and 24?
24
Suppose s - 3*y = 3, 3*s + 3*y - 9 = 2*s. Suppose -5*v - 5*a + 55 = 0, -4*v = -2*a - 26 + s. What is the highest common divisor of 56 and v?
7
Suppose 0 = -4*x - 4*s + 12, -13 = 5*x - 10*x - 3*s. Let t be 34/6 - (-12)/36. Calculate the highest common divisor of t and x.
2
Suppose -2*k + 1 = -u, -3*k = 4*u + u - 21. Suppose j - 4 = 0, -3*j = -4*v - 109 + 357. Let n = v + -57. What is the highest common divisor of n and k?
2
Let n(o) = 59*o**2 + 2*o. Let l be n(-3). Calculate the highest common factor of l and 25.
25
Let u be 298/15 + (-6)/(-45). Let i be ((-204)/15)/(0 + (-4)/u). Calculate the highest common divisor of i and 102.
34
Let g = 337 - 221. Suppose -3*l + g = l. Let y = l + -3. What is the greatest common factor of y and 78?
26
Suppose 3*l = -5*m + 151, 4*m + 0*l = l + 131. What is the greatest common divisor of 176 and m?
16
Suppose 2*h + 0*z = -5*z + 45, -5*h - 4*z = -138. What is the greatest common factor of 160 and h?
10
Let h = -14 + 22. Let i(n) = -3*n + 20. Let c be i(h). Let x(k) = 4*k**2 + 3*k - 8. Let g be x(c). What is the greatest common divisor of g and 4?
4
Let f(d) = 6*d**2 + 44*d + 15. Let r be f(-14). What is the highest common factor of 75 and r?
25
Let a be 3 + (48 + 1)*3. Calculate the greatest common factor of 60 and a.
30
Suppose -6*c + 179 + 523 = 0. Let k(b) = b**3 + 12*b**2 - 4*b - 9. Let p be k(-12). What is the greatest common factor of c and p?
39
Let d be (-1)/(-10) + (-169)/(-10). Let w be (-2)/(-3) - 78/(-18). Suppose -a = -2*p + 35, p = w*p + 3*a - 65. Calculate the greatest common divisor of p and d.
17
Let z(l) = -3*l**2 - 100*l - 53. Let i be z(-30). What is the greatest common factor of i and 13?
13
Let v be 1 + -2 - (-54)/(-6). Let z(r) = r**3 + 11*r**2 + 9*r - 11. Let k be z(v). Let o be 107 + 2/(-1) + k. Calculate the greatest common divisor of 26 and o.
26
Suppose i = 0, 5*f + 2*i - 337 = 383. What is the highest common factor of f and 1584?
144
Let v = 2662 - 2632. What is the greatest common divisor of 730 and v?
10
Let l be 29 - (-6 + 2 - -5). Let y be (1144/(-65))/((-2)/35). Calculate the greatest common factor of l and y.
28
Let p(w) = -13*w + 132. Let v be p(8). Calculate the highest common divisor of v and 4.
4
Let o = 435 - -1. Suppose -8*m + 268 = -o. What is the highest common factor of m and 22?
22
Suppose 2*w - 5*b = -16 + 3, -4*w = -b - 19. Let m be 2/(4/w) + 29. Let p = 109 - 77. What is the greatest common divisor of p and m?
32
Suppose 0 = -y - 1 - 0. Let c be (y/2*0)/(-2). Suppose 0 = -2*p + m + 1, c = 2*m - 0*m - 10. Calculate the greatest common divisor of 18 and p.
3
Suppose 0 = -5*w - 5*i, 0 = 2*w - 3*i - i. Suppose -26 = -w*c - 2*c. Calculate the highest common factor of c and 13.
13
Let p be ((-12)/(-5))/((-43)/(-215)). What is the highest common divisor of p and 300?
12
Let j(r) = r**3 + 4*r**2 + r - 3. Let n be j(-3). Suppose 0*i = -n*i + 6. Calculate the greatest common factor of i and 2.
2
Let p(a) = a**3 + 11*a**2 - 13*a. Let v be p(-12). Suppose 11*h = v*h - 7. Suppose 2*c - 22 - 6 = 0. What is the highest common factor of c and h?
7
Suppose 1343 + 1033 = 4*u. Calculate the greatest common divisor of 66 and u.
66
Suppose -w + 2*w - 20 = 0. Let z be 3/((-42)/35*5/(-4)). Suppose -2*o + r = -61, -5*o - z*r + 58 = -90. Calculate the greatest common factor of o and w.
10
Suppose 4*c = 4*b - c - 37, -37 = -5*b - 3*c. What is the greatest common factor of 344 and b?
8
Let h = -620 - -664. Let r = 3 - 0. Suppose -3*y + r = -30. Calculate the highest common factor of y and h.
11
Suppose 0 = 2*u - 298 + 20. Let a = 244 - u. Suppose 0 = 2*i - 2*l - 36, -2*i + 12 = l - 15. Calculate the greatest common factor of i and a.
15
Suppose 17*b - 693 = 8*b. Suppose 5*h = 5*u + b + 23, 3*u + 6 = 0. Calculate the greatest common factor of 144 and h.
18
Suppose 2*f - 10 = -4*n, 32 = 5*n - 4*f - 0*f. Let r(h) = 20 - h - 22 + 5*h. Let y be r(n). What is the highest common factor of y and 14?
14
Suppose -32*t + 108 = -5*t. What is the highest common factor of t and 32?
4
Let o = -88 + 93. Let y be (91/o - 3) + (-2)/10. Calculate the greatest common divisor of 45 and y.
15
Let z(l) = 3*l**3 + 26*l**2 + 6*l + 2. Let u be z(-5). Calculate the highest common factor of u and 95.
19
Let u be -3*(-10)/(-6) + -80. Let o = u + 86. Let l = -6 + 15. What is the greatest common divisor of o and l?
1
Let d(v) = 13*v**2 - 7*v + 9. Let y be d(-4). Suppose 13*x - 6*x = y. What is the highest common divisor of x and 5?
5
Suppose -6*z = 5*x - 3*z - 207, 5*z = 5*x - 215. Calculate the greatest common divisor of x and 70.
14
Let a(x) = x + 70. Let v be a(-15). Calculate the highest common divisor of 33 and v.
11
Suppose f - 3*f = -306. Suppose 0 = -5*v + 4*l + f, 0*l - 31 = -v + l. What is the greatest common divisor of 203 and v?
29
Let c be (-62)/(-10) + (-24)/(-30). Let k be (-1236)/(-28) - 1/c. Calculate the highest common factor of 4 and k.
4
Suppose 38*c - 1525 = 983. Suppose -22 - 2 = -4*k. Calculate the greatest common factor of c and k.
6
Suppose -42 + 213 = 19*j. Let v be (-1 - -7)*2/2. What is the highest common divisor of v and j?
3
Suppose -3*y = -0*y. Suppose y = -0*v + 3*v - 12. Suppose 2 = -3*n + v*w, -w = -4*n + 4*w - 1. What is the highest common divisor of 30 and n?
6
Suppose -5*i = 2*k - 680, 3*k - 153*i - 1020 = -150*i. Calculate the highest common factor of k and 20.
20
Let y be 8/(-40) - (35287/(-35) - -5). Calculate the highest common factor of y and 17.
17
Suppose 2*b = -4*a + 178, -2*a - b = -6*b - 59. Let o = -59 + 73. What is the highest common divisor of a and o?
14
Suppose 24 = 272*f - 268*f. Calculate the highest common divisor of 126 and f.
6
Suppose 12*w + 8 = 14*w. Suppose -w*q + 2*q + g = -221, 3*q = 3*g + 327. Calculate the greatest common factor of 16 and q.
16
Let u be ((-90)/63)/(1/(-7)). Let m = 21 + 1. Let a be -26 + m + 228/2. What is the highest common divisor of u and a?
10
Suppose 27 = -7*w + 10*w - 3*g, -5*w + 4*g = -39. Let x be (14/(-8))/((-3)/24). Let z = -2 + x. What is the highest common divisor of z and w?
3
Let j(x) = 33